*f + 14*f. What are the prime factors of f?
277
What are the prime factors of (-14807 - -3)*(114/(-8) + 14)?
3701
Suppose 8*d - 79 = 401. Let c = -69 + d. Let r(l) = -l**2 - 21*l - 7. List the prime factors of r(c).
101
Let a = -212 + 508. Suppose -3*o + 433 = x, 2*x - 846 = -50*o + 48*o. Let l = x - a. List the prime factors of l.
2, 61
Suppose -9*j = -8*j - 84. Let c = j + 449. List the prime factors of c.
13, 41
Let a(n) = 6*n + 7. Let i be a(-2). Let p be -1*19*(i/(-5) - 2). Let s = p + -2. List the prime factors of s.
17
Suppose -70 + 66 = -4*m. Suppose 0 = -3*p + 8*p - 15, -p = -4*r - 3. What are the prime factors of (m - r - 4)/(1/(-41))?
3, 41
Let s(n) = 14*n - 6. Let i be s(4). Let p = 53 - i. Suppose 2*q - 6*q = 3*z - 148, p*q - 3*z = 132. List the prime factors of q.
2, 5
Suppose 44*z - 88*z + 252032 = 0. What are the prime factors of z?
2, 179
Let b(k) = 11*k + 105. Let f be b(-9). List the prime factors of (f + -109)/(7/(-42)).
2, 3, 103
Suppose 1999 - 1791 = 8*g. What are the prime factors of 16610/g + 12/78?
3, 71
What are the prime factors of ((-1)/1)/3 - 4526380/(-1362)?
3323
Let i(m) = 16798*m**2 + 274*m + 275. List the prime factors of i(-1).
107, 157
Suppose -h - 41*o = -45*o - 3954, -11926 = -3*h - 4*o. Suppose -5*b - 659 = -v + 1300, 3*b - h = -2*v. What are the prime factors of v?
1979
Let x(y) be the first derivative of 9*y**2/2 + 3*y + 33. Suppose 0 = -g + 3*d + 25, -2*g + 5*d + 30 = -15. List the prime factors of x(g).
3, 31
Suppose -5*n - j + 29 = -3*j, 2*n = -j + 8. Suppose 4*o - 1025 = 2*o + 3*q, -n = -q. What are the prime factors of o?
2, 5, 13
Let f = -89919 - -136734. What are the prime factors of f?
3, 5, 3121
Let n(z) be the third derivative of -2/3*z**3 + 37/30*z**5 - 5/24*z**4 + 0 + 0*z + 7*z**2. What are the prime factors of n(-1)?
3, 5
Let b = -975 - -972. List the prime factors of 3 + b/(-12) + (-7531)/(-4).
2, 23, 41
Suppose 31*p + 9774 = 35*p - 5*k, 5*p - 12231 = 4*k. List the prime factors of p.
3, 19, 43
Let r(o) = o**3 + 4*o**2 - 11*o + 3. Let q(v) = 7*v - 34. Let n be q(4). Let u be r(n). What are the prime factors of 66/44*(-350)/u?
5, 7
Let i(j) = 4*j - 41. Let t(n) = -3*n - 1. Let a(g) = -i(g) + 3*t(g). List the prime factors of a(-16).
2, 3, 41
Suppose 0 = 4*f - g - 19532, -36*f + 33*f + 5*g + 14666 = 0. List the prime factors of f.
2, 2441
Let t = -681 + 1435. Let m = 679 + t. List the prime factors of m.
1433
Let z(d) = 2*d**3 - 4*d**2 + 44*d - 30*d - 19*d + 8. Let p(h) = -5*h**3 + 9*h**2 + 9*h - 17. Let o(i) = 3*p(i) + 7*z(i). List the prime factors of o(-4).
5, 17
Suppose 4*o + o = -5*z + 1580, z + 1580 = 5*o. Suppose -9*t + 7*t = -o. List the prime factors of t.
2, 79
Let r be 40/30 - -2*2/6. List the prime factors of r + 591 + 7 + -13.
587
Let t be ((-15)/(-3) + -5)/2. Suppose -4*g + 100 = 4*q, -2*g + q + t*q + 56 = 0. What are the prime factors of g?
3
Let z(j) = j. Let q be z(10). Let a(w) = -w**3 + 9*w**2 + 5*w + 4. Let l be a(q). Let o = l - -156. What are the prime factors of o?
2, 5, 11
Let y(s) = -8*s + 1894. What are the prime factors of y(0)?
2, 947
Suppose 1 = -2*i + 7. Suppose -i*y = 4*p - 249, -y = 3*y + 20. List the prime factors of p.
2, 3, 11
Suppose -7*q + 5*l = -253265, -72356 = -56*q + 54*q - 4*l. What are the prime factors of q?
2, 3, 5, 67
Suppose -85 = 9*t - 103. Suppose -3*s + 4390 = d, -t*s - 2*d + 2950 = -6*d. What are the prime factors of s?
5, 293
Suppose t - 5*i - 35084 = 0, 2*t = 5*i + 19901 + 50247. What are the prime factors of t?
2, 3, 487
Let p(k) = 51*k**2 + k. Let a(z) be the third derivative of z**4/8 - 17*z**3/6 - 20*z**2. Let w be a(6). List the prime factors of p(w).
2, 13
Let b(y) = 11*y - 4*y**2 + 2 - y + 7*y**2 + 23. List the prime factors of b(-6).
73
Suppose 0 = 7*d - 2*d + 30. What are the prime factors of d*(-17)/(-2)*(-2 + -11)?
3, 13, 17
Suppose 448*m - 526*m = -1705704. List the prime factors of m.
2, 7, 11, 71
Let u(g) = -g**2 + 35*g - 99. Let v be u(32). List the prime factors of (11 + v)*(6335/10)/7.
2, 181
Let n = -4983 - -16724. What are the prime factors of n?
59, 199
Suppose 26*i - 17*i - 18 = 0. Let j be (i + 3)*2/(-2) + 3. What are the prime factors of j*1/(-3)*18?
2, 3
Let w = -293 - -197. Suppose -23*m - 4*v - 96 = -22*m, -8 = -4*v. Let l = w - m. What are the prime factors of l?
2
Let j(v) = v**3 - 10*v**2 + 5*v + 33. Let y be j(9). What are the prime factors of (-9)/(-3 - 0) - 147/y?
2, 13
Suppose -4*w + k = 148, -2*w - 2*k = w + 111. Suppose -5*r = 5*n - 195, 0 = -n - 3*n + 2*r + 168. Let d = w + n. List the prime factors of d.
2
Suppose q + 30564 = 5*t, 0 = -t - 119*q + 120*q + 6120. What are the prime factors of t?
3, 7, 97
Let z(l) = -l**3 + 11*l**2 + 3. Let m be z(11). Suppose -2*n - 2*y - 3*y = 23, 0 = -m*n + y - 9. What are the prime factors of 123 - (n/(-6))/(4/(-18))?
2, 3, 7
Let c = -1900 - -5245. What are the prime factors of c?
3, 5, 223
Suppose -30*b + 12816 = 3*b - 31272. What are the prime factors of b?
2, 167
Suppose 2*v = 5*k + 12, 0 = 14*k - 12*k + 2*v + 2. Let s(w) be the third derivative of w**5/20 + w**4/6 + 2*w**3/3 + w**2. List the prime factors of s(k).
2
Suppose 179*z - 130*z - 511756 = 0. List the prime factors of z.
2, 7, 373
Suppose 5*j - 3*j - 2*f = -3136, 4*j + 6272 = -f. Let h = -831 - j. What are the prime factors of h?
11, 67
Let m(v) = 955*v**2 - 204*v + 795. What are the prime factors of m(4)?
15259
Suppose -338*o = -357*o + 234992. List the prime factors of o.
2, 773
Suppose 3*s - 12 = 0, -4*s = -q - q + 28. Suppose 5 = -2*w + 11. Suppose -w*j = 2*o - 111, q + 313 = 5*o - 4*j. List the prime factors of o.
3, 7
Let y(x) be the second derivative of -7*x**5/40 + x**4/24 - 5*x**3/2 + 14*x. Let i(f) be the second derivative of y(f). What are the prime factors of i(-3)?
2
Let y(q) = q**3 + 91*q**2 - 21*q - 76. What are the prime factors of y(-82)?
2, 31081
Let g(m) = 42879*m + 121. List the prime factors of g(1).
2, 5, 43
Let u(j) = -7*j**2 - 30*j + 6*j**2 + 2*j**2 + 16. Let f be u(16). Let r = f - -326. List the prime factors of r.
2, 59
Let r = 43 - 34. Suppose -5*m - i - 4*i + 5 = 0, 5*m = -3*i + r. Suppose -m*t + 54 = -192. What are the prime factors of t?
2, 41
Let z = 43186 + 14693. What are the prime factors of z?
3, 59, 109
Let u = -22163 - -39077. List the prime factors of u.
2, 3, 2819
List the prime factors of -6*28/36*-10443.
2, 7, 59
Suppose w - 5*n - 1 = 10, -3*w - 5*n = 7. Let o(v) = 57*v**2 + v + 16*v**2 - 1 - 27*v**2 + 35*v**2. List the prime factors of o(w).
3
Suppose -214 = -11*t + 94. Suppose t - 3394 = -17*w. What are the prime factors of w?
2, 3, 11
Let a = -2 - -4. Suppose 4*m - 6 = -5*z + 2*z, a = z + m. What are the prime factors of z - 32/18 - 1706/(-18)?
5, 19
Let l(w) = w**2 + 39*w + 47. Let o be l(-21). Let r = o + 585. List the prime factors of r.
2, 127
Let c = -112 + 135. Suppose c*g - 24*g = -313. What are the prime factors of g?
313
Suppose -15*m = -168290 - 39732 + 39242. List the prime factors of m.
2, 29, 97
Let k = -3515 + 16196. What are the prime factors of k?
3, 1409
What are the prime factors of 3 - (5*-910 + (27 - 26))?
2, 569
Let s = -506 + 709. Suppose s = 3*t - c, -t = 23*c - 20*c - 71. What are the prime factors of t?
2, 17
Let r(w) = 412*w**2 - 154*w - 600. List the prime factors of r(-4).
2, 7, 59
Let f = -841 - -4736. List the prime factors of f.
5, 19, 41
Let o(j) = 88*j**2 + 32*j - 328. What are the prime factors of o(11)?
2, 23, 29
Let v = 7935 + 4671. What are the prime factors of v?
2, 3, 11, 191
Let o = 1 + 6. Let x(i) = -3 + o*i**2 + i - i**3 + 3*i + 3 + 3. What are the prime factors of x(6)?
3, 7
Let o = 351 + -494. Let w = -71 - o. What are the prime factors of w?
2, 3
Let m(f) = -6*f**3 - 32*f**2 + 8*f - 14. Let n be m(-10). Suppose 4*t - 3*q = 2496, 2*q + 414 + n = 5*t. What are the prime factors of t?
2, 3, 13
Suppose 0 = f - 3*o - 1527, -o = -3*f - 0*o + 4613. Suppose -1026 - f = -9*q. Let g = q + -165. What are the prime factors of g?
2, 3, 5
Let a(u) = 142*u**3 - 3*u**2 - 6*u + 6. Let n be a(3). List the prime factors of 15/(-12) + (-3 - n/(-12)).
2, 3, 13
List the prime factors of 2012024/24 + (-6)/(-4)*12/(-54).
2, 167, 251
Suppose d = 95*d - 146922. What are the prime factors of d?
3, 521
Let p(q) = -4*q**2 + 8*q + 6. Let x be 